highest common divisor of 4965754 and 1028.
514
What is the highest common factor of 111279641 and 1276?
319
Calculate the greatest common divisor of 5825130 and 12.
6
Calculate the highest common divisor of 1637106 and 647986.
562
Calculate the highest common divisor of 1024792 and 16.
8
Calculate the highest common divisor of 322435 and 625.
5
Calculate the highest common divisor of 25084415 and 205.
205
What is the greatest common divisor of 12 and 10036578?
6
What is the highest common divisor of 95168 and 3887018?
2974
Calculate the highest common divisor of 752 and 126173098.
94
Calculate the highest common divisor of 481 and 98431507.
37
What is the highest common divisor of 898337 and 253?
11
What is the greatest common divisor of 537877900 and 18228?
6076
Calculate the highest common factor of 54533 and 19435.
23
What is the greatest common factor of 51 and 59592446?
17
Calculate the highest common divisor of 393114400 and 5600.
5600
Calculate the greatest common divisor of 13269010 and 120.
10
Calculate the greatest common divisor of 5604739 and 56.
7
What is the greatest common factor of 809269 and 8?
1
What is the highest common factor of 1904865 and 9251?
841
What is the greatest common factor of 2022 and 107207788?
674
What is the greatest common factor of 1596 and 57935028?
228
Calculate the highest common factor of 4236 and 187180368.
4236
What is the highest common factor of 794816 and 6380?
44
Calculate the highest common divisor of 882210 and 665.
35
What is the greatest common factor of 262318 and 150962?
574
What is the highest common factor of 643235 and 48410?
515
What is the highest common divisor of 163821383 and 48202?
3443
Calculate the greatest common factor of 1173 and 155804898.
1173
Calculate the greatest common divisor of 3159 and 3773601.
351
Calculate the greatest common factor of 1932 and 3498645.
69
Calculate the greatest common factor of 569298 and 87474.
1434
Calculate the highest common factor of 4208816 and 207.
23
What is the greatest common factor of 4763820 and 10080?
60
Calculate the greatest common divisor of 23303 and 10749341.
3329
Calculate the greatest common factor of 1304 and 4364651.
163
Calculate the highest common factor of 776318211 and 9.
9
What is the highest common factor of 308 and 9080008?
28
Calculate the greatest common divisor of 12530 and 20230.
70
What is the greatest common divisor of 225 and 11900349?
9
What is the highest common factor of 31573904 and 88?
8
Calculate the greatest common factor of 224078760 and 4345.
395
Calculate the greatest common divisor of 265568 and 84148000.
6176
Calculate the greatest common factor of 620723 and 43172.
251
What is the highest common divisor of 91817 and 155889063?
5401
What is the highest common factor of 51573130 and 230?
230
Calculate the greatest common factor of 4920 and 1259643.
123
Calculate the greatest common factor of 14782 and 43599898.
778
Calculate the highest common divisor of 298358 and 784892.
1238
Calculate the highest common divisor of 405 and 21106440.
135
What is the highest common factor of 969438148 and 392?
196
Calculate the highest common divisor of 244472 and 60.
4
What is the greatest common divisor of 316 and 6721192?
4
Calculate the greatest common factor of 644 and 3357116.
28
Calculate the greatest common factor of 1299816 and 11928.
168
What is the greatest common divisor of 12308802 and 2547?
849
Calculate the highest common factor of 6471293 and 543.
181
What is the highest common divisor of 2504 and 188488?
8
What is the greatest common factor of 17361 and 1024027011?
5787
Calculate the highest common divisor of 197403 and 24447.
87
What is the highest common factor of 10260000 and 540?
540
What is the highest common divisor of 651 and 11646669?
93
Calculate the highest common divisor of 976718400 and 82.
82
What is the highest common divisor of 105105 and 10116535?
715
What is the greatest common divisor of 23112770 and 1590?
530
Calculate the highest common divisor of 5993869 and 163429.
4417
Calculate the highest common factor of 10319 and 1702159.
17
Calculate the greatest common divisor of 172040 and 620.
20
Calculate the highest common divisor of 4840 and 35656.
8
Calculate the greatest common divisor of 10806498 and 1422.
18
Calculate the highest common factor of 12729962 and 380.
38
Calculate the greatest common divisor of 31253620 and 3260.
3260
What is the highest common divisor of 1487 and 60071826?
1487
Calculate the greatest common divisor of 43 and 6306767.
43
What is the highest common divisor of 8207 and 8819978?
283
What is the greatest common divisor of 612 and 12536604?
36
Calculate the highest common divisor of 5272454 and 88.
22
What is the highest common divisor of 14840 and 7041845?
265
What is the greatest common divisor of 77163636 and 12?
12
Calculate the highest common divisor of 8043 and 2121.
21
What is the greatest common divisor of 953034888 and 8?
8
What is the highest common divisor of 2128373 and 17831?
1621
Calculate the greatest common factor of 516 and 104437776.
12
What is the highest common factor of 117415 and 2718255?
115
Calculate the highest common divisor of 172632616 and 8944.
4472
Calculate the highest common factor of 56614164 and 17004.
1308
Calculate the greatest common divisor of 650 and 855725.
325
Calculate the highest common divisor of 1019240 and 328016.
664
Calculate the greatest common divisor of 82361772 and 10485.
2097
Calculate the highest common divisor of 27814688 and 341.
341
What is the greatest common divisor of 976736 and 204098?
262
Calculate the greatest common divisor of 80486570 and 20.
10
Calculate the highest common divisor of 211 and 678257179.
211
Calculate the greatest common divisor of 288 and 40088896.
32
What is the greatest common divisor of 82922973 and 61?
61
Calculate the greatest common divisor of 359118 and 214278.
426
What is the greatest common divisor of 29 and 32396422?
29
What is the greatest common divisor of 168 and 8903736?
24
What is the highest common divisor of 253 and 7545637?
11
What is the greatest common factor of 7546838 and 456?
38
What is the highest common factor of 595 and 5028515?
85
What is the highest common factor of 491 and 155174167?
491
Calculate the highest common divisor of 168 and 7305550.
14
What is the greatest common divisor of 3313342 and 806?
62
What is the greatest common divisor of 404825960 and 3080?
3080
What is the highest common divisor of 7936 and 8167136?
992
What is the greatest common factor of 111249 and 63027?
423
Calculate the highest common divisor of 244521 and 9696.
303
What is the greatest common divisor of 5976 and 645159?
249
Calculate the greatest common factor of 812224 and 130499.
37
Calculate the greatest common divisor of 45 and 60452670.
15
What is the greatest common divisor of 3243366 and 18?
18
Calculate the highest common factor of 51442686 and 137142.
7218
What is the greatest common factor of 50688 and 5277492?
396
Calculate the highest common factor of 4790902 and 4154.
134
Calculate the highest common divisor of 6830664 and 32922.
186
Calculate the highest common divisor of 4139150 and 2090.
190
What is the greatest common factor of 3655 and 158423?
17
Calculate the greatest common divisor of 5890769 and 8749.
673
Calculate the highest common divisor of 216 and 24457068.
36
Calculate the greatest common divisor of 1595787 and 214644.
93
Calculate the greatest common factor of 326180 and 100.
20
What is the greatest common divisor of 12247351 and 916991?
4801
What is the greatest common divisor of 917901835 and 745?
745
What is the greatest common factor of 87032 and 7373432?
2024
Calculate the highest common divisor of 107 and 6460981.
107
What is the greatest common factor of 33031 and 386657?
1943
What is the greatest common divisor of 8163576 and 32328?
72
Calculate the greatest common divisor of 1553 and 5578521982.
1553
What is the highest common divisor of 17924460 and 15?
15
What is the highest common divisor of 1541930 and 17247530?
4090
Calculate the highest common factor of 342 and 41657272.
38
What is the greatest common divisor of 13189848 and 2688?
168
Calculate the highest common factor of 14006629 and 3211.
247
Calculate the greatest co